se -4*h - 12 = -2*j, -2*h + 31 = c*j - 43. What is the remainder when 30 is divided by j?
14
Suppose 3*a - 1224 = -4*p + 527, 5*a = 5. Let t = p - 242. Calculate the remainder when (-1 - -3)/(6/t) is divided by 17.
14
Let g = -39848 - -40163. Calculate the remainder when 679 is divided by g.
49
Suppose -r + 42*r - 8600 = -45*r. What is the remainder when 267 is divided by r?
67
Suppose -s + 138 = -7*q, 5*s = 8*s + 5*q - 232. Suppose -3*c + h + 135 - 32 = 0, 47 = 2*c - 5*h. Let b = -6 + c. What is the remainder when s is divided by b?
29
Suppose 132*f - 127*f = 5*l + 130, -5*f = 2*l - 109. What is the remainder when 95 is divided by f?
3
Let h = -409 - -450. Calculate the remainder when 4262 is divided by h.
39
Suppose 5*m - 680 = -0*q - 4*q, 5*m - 4*q - 720 = 0. Suppose 0 = 16*r - 14*r + 4*s - m, -295 = -4*r - 5*s. Calculate the remainder when r is divided by 21.
17
Let r = 36 - 22. Let j(m) = m**2 - 62*m + 108. Calculate the remainder when j(62) is divided by r.
10
Let x = 40 + -11. Suppose 278 = -1049*h + 1050*h. What is the remainder when h is divided by x?
17
Let j = -12020 - -12068. Calculate the remainder when 1100 is divided by j.
44
Suppose -11628 + 12008 = 5*i. Calculate the remainder when 553 is divided by i.
21
Suppose -253*z + 30085 + 56327 + 81580 = 0. Calculate the remainder when z is divided by 67.
61
Calculate the remainder when ((-36)/3)/(3/(-51)) is divided by 30.
24
Suppose 19333 = 12*r - 12816 + 3817. What is the remainder when r is divided by 17?
15
Let y = 102 + -64. Let h = 8631 + -8524. Calculate the remainder when h is divided by y.
31
Let a = -8574 + 8593. Calculate the remainder when 1168 is divided by a.
9
Let v = -236 + 281. Suppose 5*a + v = 2*u, 0*a + 33 = 3*u + 4*a. What is the remainder when 98 is divided by u?
8
Let p = 141 + -79. Suppose -9*i = p - 26. What is the remainder when 18 - (i + 12/2) is divided by 6?
4
Suppose -5*s - 84 = -c - 2*c, -c + 42 = 3*s. What is the remainder when 107 is divided by c?
8
Let k = 7784 - 7662. What is the remainder when 439 is divided by k?
73
Let k = -3080 + 3181. Calculate the remainder when 806 is divided by k.
99
Calculate the remainder when 772 is divided by ((-130)/91)/((-6)/105).
22
Suppose -328 = -15*s + 842. Calculate the remainder when 233 is divided by s.
77
Let b(n) = -2*n**3 + 52*n**2 + 29*n - 70. Calculate the remainder when b(16) is divided by 178.
174
Let g(l) = -3*l - 18. Let s be g(-7). Let b(t) = 0*t**3 + 112 - 22 - 2*t - t**s. What is the remainder when b(0) is divided by 31?
28
Let r = 2438 - 2334. What is the remainder when 4783 is divided by r?
103
Let s = 387 + -395. Let j(g) = 2*g**2 + 28*g + 134. Calculate the remainder when 225 is divided by j(s).
35
Let d(c) = c + 30. Let j(z) = z + 0*z - 2*z + 92 + 5*z. Let l(s) = -11*d(s) + 4*j(s). Calculate the remainder when 51 is divided by l(-5).
12
Let p = -12399 + 13129. Calculate the remainder when p is divided by 180.
10
What is the remainder when ((-88)/11 - 2)*(-3)/(15/2774) is divided by 74?
72
Let j = 1630 + -1615. Calculate the remainder when 256 is divided by j.
1
Suppose 0 = 5*m - 3*j - 35, -4*j = 2*m + 8 - 22. Calculate the remainder when 1252 is divided by m.
6
Let c(b) = 1473*b - 2524. What is the remainder when c(2) is divided by 123?
53
Suppose 0 = -41*t - 275 + 316. Calculate the remainder when t is divided by 1.
0
Let a(z) = -2*z**3 - 13*z**2 - 45*z - 15. What is the remainder when 161 is divided by a(-5)?
26
Let m(d) = -21*d**3 - d**2 + 3*d. Suppose 23 = 5*g - 207. What is the remainder when g is divided by m(-1)?
12
Let k(f) = -f**3 + 14*f**2 - 69*f + 1399. Calculate the remainder when k(14) is divided by 35.
13
Let b(n) = -n**3 + 7*n**2 - 9*n - 6. Let y be b(5). Calculate the remainder when y + 6/(-15) + 1806/15 is divided by 24.
23
Let g(l) = -66*l + 1154. What is the remainder when g(0) is divided by 40?
34
Let j be 1*(-2)/4*-26. Suppose 0 = p, -3*d = 5*p + j - 4. Calculate the remainder when 3/(d - 102/(-33)) is divided by 9.
6
Let i = 156 + -137. What is the remainder when (393/(-4))/((-48)/64) is divided by i?
17
Suppose 45404 - 42530 = 14*u - 145428. Calculate the remainder when u is divided by 13.
11
Suppose -11*a = 13616 - 14760. Calculate the remainder when 1662 is divided by a.
102
Let l(d) = 9*d + 50. Let i be l(9). Suppose 3*u = 106 + i. Suppose -5*v - 15 = 0, -4*r + 2*r = -v - u. Calculate the remainder when 150 is divided by r.
36
Calculate the remainder when 57 is divided by 9/117 - 9968/(-208).
9
Let m = 89 - 63. Let w = 2062 + -1965. What is the remainder when w is divided by m?
19
Let u = 29 + -14. What is the remainder when 14 + (-14 - (6 - 180)) is divided by u?
9
Let s(b) = -b**3 - 11*b**2 + 17*b - 31. Suppose -z - 6*z = 91. Calculate the remainder when s(z) is divided by (2*(-87)/(-6))/1.
28
Let s = 6 - 1. Suppose -5*o + 2*o - v + 5 = 0, -5*v - s = 0. Let x(f) = -4*f**3 + 160*f**2 + 171*f - 285. What is the remainder when o is divided by x(41)?
0
Let k = -76 + 111. Suppose -11*t - 7 = 15. What is the remainder when k is divided by (134/11 - t) + (-2)/11?
7
Let f = -11998 + 12293. Calculate the remainder when f is divided by 264.
31
Let a = -12410 + 12449. Let u(r) = 53*r + 2. Calculate the remainder when u(2) is divided by a.
30
Suppose 0 = 50*f - 52*f + 648. Suppose -323*j = -f*j + 164. Calculate the remainder when j is divided by 21.
17
Let y = -521 + 758. Let g = y - 168. Calculate the remainder when 412 is divided by g.
67
Calculate the remainder when 132 is divided by ((-36)/2)/(45/30)*504/(-48).
6
Let c(p) = -p + 17. Let m be c(10). Suppose m*v + 26 = -23. Let h(n) = -n**3 - 9*n**2 - 15*n + 4. What is the remainder when h(v) is divided by 4?
3
Suppose -18*l + 23*l - 18 = 2*l. Calculate the remainder when 1456 is divided by l.
4
Suppose 3*o + 5*k = 2*o + 5, 3*o - 15 = -4*k. Let q = -193 + 259. What is the remainder when q is divided by o?
1
Suppose 2*h = -4*h + 126. What is the remainder when h is divided by 8845/732 + 2/(-24)?
9
Let n = 4238 + -2446. What is the remainder when (-1)/(6/2) - n/(-84) is divided by 7?
0
Let k(a) = a - 8. Let h be k(9). Let q(s) = s**3 + 19*s**2 - 41*s + 41. Let z be q(-21). Let o = z + h. What is the remainder when o is divided by 6?
3
Let u be 1 - (7 - 10)/(3/82). Suppose u*m - 89*m + 114 = 0. What is the remainder when 53 is divided by m?
15
Suppose -39*k - 6*k + 52715 = 20*k. What is the remainder when k is divided by 275?
261
Suppose 28*w + 3*v - 803 = 23*w, -w - 3*v + 163 = 0. Calculate the remainder when 597 is divided by w.
117
Let a = 13796 + -13667. Calculate the remainder when 6963 is divided by a.
126
Let a(r) = -3*r - 6. Let p(f) = 4*f + 7. Let c(z) = 3*a(z) + 2*p(z). Let t be c(-2). What is the remainder when (t/3)/(30/(-1755)) is divided by 7?
4
Let s be 2 + 3 - (0 - 663). Suppose -5*f + 4*b = -1062 - 608, 2*f - s = -5*b. Calculate the remainder when f is divided by 28.
26
Let q(i) = 16*i**2 - 17*i - 13 - 4*i**2 + 3*i**2 - 8*i - i**3. Let z be q(13). Let w = 2 + z. Calculate the remainder when 13 is divided by w.
1
What is the remainder when 8232/18*((-2)/(-4) + 4) is divided by 30?
18
What is the remainder when 132 is divided by -25 + -5 + 18 + 27?
12
Let c(m) = -2*m**3 + 39*m**2 + 20*m + 12. Let k be ((-2)/4 - 3)*-2. Suppose -260 = k*h - 20*h. What is the remainder when 13 is divided by c(h)?
1
Let p = 799 + 65. Calculate the remainder when p is divided by 35.
24
Let n(b) = -b**2 + 18*b - 6. What is the remainder when 194 + (4/3)/(28/42) is divided by n(12)?
64
Suppose -2*k + 10 + 4 = 0, -10*r + 114 = 2*k. Calculate the remainder when 5758 is divided by r.
8
Let n(r) = 79*r**2 - 215*r - 10. What is the remainder when 166 is divided by n(3)?
54
Let g(o) = o**3 - 19*o**2 - 43*o + 19. Let h be g(21). What is the remainder when h - (-2 + 2/((-8)/76)) is divided by 14?
5
Let f = 9731 - 9723. Calculate the remainder when 4181 is divided by f.
5
Let m(z) = -z**3 + 10*z**2 + 4*z - 12. Suppose 5*o + 555 = 5*s, -23*o + 24*o - 95 = -s. Calculate the remainder when s is divided by m(10).
19
Let v(f) = -30*f + 1. Suppose 0 = 5*l + p + 5 + 2, -4*l = 5*p + 14. Calculate the remainder when v(-5) is divided by -3 + l + -2 + 32.
21
Suppose -445 + 789 = 8*p. What is the remainder when 166 is divided by p?
37
Let o(t) = t**3 - 3*t